20222
In base 2, what is -10 + -101000100111001001?
-101000100111001011
In base 6, what is 3422130 - -1?
3422131
In base 13, what is 683c + c5?
6934
In base 15, what is 0 - 54b08?
-54b08
In base 11, what is 115 - 45?
80
In base 2, what is 11111 + 11110000010?
11110100001
In base 15, what is -1b3 - 26?
-1d9
In base 9, what is -5135 - 25?
-5161
In base 10, what is -21 - 829?
-850
In base 15, what is -3 - -541b5?
541b2
In base 8, what is 64 - 36?
26
In base 2, what is 10 - 1111011110110?
-1111011110100
In base 2, what is 1 + 1011000001100100?
1011000001100101
In base 14, what is 114c38 - 7?
114c31
In base 2, what is -111000010011 - -10010?
-111000000001
In base 3, what is -200200112 - -121?
-200122221
In base 4, what is -10 - -112032?
112022
In base 6, what is -14 + 1232?
1214
In base 2, what is -10001010001110 + -10?
-10001010010000
In base 15, what is -38e + -45a?
-7e9
In base 15, what is -160 + 23?
-13c
In base 8, what is 4 - 1611?
-1605
In base 8, what is 10 + 2261?
2271
In base 10, what is -74 + 33869?
33795
In base 7, what is 21 + 354130?
354151
In base 3, what is 22212101220 + -12?
22212101201
In base 14, what is -2 - -cd45c?
cd45a
In base 3, what is -12222220 + -20?
-20000010
In base 10, what is 288 - -298?
586
In base 16, what is 32c3 - 5?
32be
In base 4, what is 23011 - 1133321?
-1110310
In base 13, what is c55 - -151?
10a6
In base 4, what is 20 + -32311310?
-32311230
In base 7, what is 204413 - 62?
204321
In base 6, what is 5 - -114442?
114451
In base 8, what is -3 + 27360?
27355
In base 2, what is 101001010 + -100110000010001?
-100101011000111
In base 13, what is -1b - 3a?
-58
In base 13, what is 4 + 3bc?
3c3
In base 7, what is -416066 - 3?
-416102
In base 6, what is 5 + -155351?
-155342
In base 4, what is 1121202 - 2?
1121200
In base 15, what is e - -35?
44
In base 16, what is ee - b95?
-aa7
In base 16, what is -53 + -105?
-158
In base 2, what is 111100010011100 + -101?
111100010010111
In base 2, what is 1011001 - 10001111111?
-10000100110
In base 3, what is -12020 - 1111122?
-1200212
In base 2, what is -10000010001101 + 1101?
-10000010000000
In base 3, what is 102010012 + -211?
102002101
In base 7, what is -210 - 24362?
-24602
In base 6, what is 5 - -10414404?
10414413
In base 3, what is -122220212212200 + -11?
-122220212212211
In base 11, what is -15 - 503?
-518
In base 9, what is 174 - 203?
-18
In base 9, what is -2 + 5547?
5545
In base 15, what is 5 + -1628?
-1623
In base 2, what is -1010101101011101001111 + 1?
-1010101101011101001110
In base 4, what is 2 + 131233023?
131233031
In base 6, what is -1 + -13430412?
-13430413
In base 14, what is -629 - 3?
-62c
In base 13, what is 123b84 + -1?
123b83
In base 9, what is 4786306 + -3?
4786303
In base 16, what is 10005 + 3?
10008
In base 2, what is 110001 - 10010110?
-1100101
In base 14, what is 13c7b + -52?
13c29
In base 12, what is 5 + -62a04?
-629bb
In base 2, what is -110011011001 + -10010?
-110011101011
In base 2, what is 11 + 111111110111?
111111111010
In base 14, what is 2 - -151acd?
151ad1
In base 15, what is 330 - -88?
3b8
In base 14, what is 188c - 17?
1875
In base 5, what is -103241 + 13411?
-34330
In base 4, what is -11 + 202002133?
202002122
In base 2, what is 11101 + 1100010001111?
1100010101100
In base 10, what is 1 - 27977?
-27976
In base 3, what is 10001020022 + 12?
10001020111
In base 6, what is 1312 - 124320?
-123004
In base 11, what is 5 + -2651?
-2647
In base 5, what is 4 - -1243104?
1243113
In base 13, what is 3cc + b1?
4b0
In base 2, what is 100011 - -11011110000001?
11011110100100
In base 6, what is 12550 + -1014?
11532
In base 16, what is 2 - -2f70?
2f72
In base 14, what is 1183 + 2?
1185
In base 8, what is -265 - 5663?
-6150
In base 4, what is -31203210 + 1?
-31203203
In base 13, what is 76a84 - -14?
76a98
In base 11, what is -289 + 467?
189
In base 8, what is 552 - 563?
-11
In base 16, what is -4808 - 9?
-4811
In base 11, what is -362 - -1031?
77a
In base 2, what is -100110010010101010110 - 11?
-100110010010101011001
In base 11, what is 39 - -741?
77a
In base 3, what is -1122100220 + -11?
-1122101001
In base 7, what is -11225306 - 4?
-11225313
In base 12, what is -1 - 26a78?
-26a79
In base 8, what is -326 + 206?
-120
In base 16, what is f3863 + -3?
f3860
In base 7, what is 116 - 43652?
-43533
In base 8, what is 6 + 1762?
1770
In base 16, what is 6 - 5a48?
-5a42
In base 8, what is 7 + -124605?
-124576
In base 4, what is -1231013 + -10202?
-1301221
In base 6, what is 3 + -2011145?
-2011142
In base 4, what is 31010133 - 10?
31010123
In base 13, what is 230c - 27?
22b5
In base 6, what is -32 + 22324?
22252
In base 13, what is -2187 + 8?
-217c
In base 11, what is -175 - 2a98?
-3162
In base 15, what is 35 - 87?
-52
In base 2, what is 0 + -1010011100100?
-1010011100100
In base 15, what is -ec + 24b?
14e
In base 8, what is 1133 + 516?
1651
In base 15, what is 4 - 26e0?
-26db
In base 4, what is 133011220 + -2?
133011212
In base 4, what is 0 - -3212013312?
3212013312
In base 8, what is -13 + -104171?
-104204
In base 4, what is -11013311 + 1213?
-11012032
In base 10, what is 3 + -285708?
-285705
In base 5, what is 22032231 - -4?
22032240
In base 5, what is 100 - 14001?
-13401
In base 2, what is 11010 - -1110011001?
1110110011
In base 8, what is -23011347 + 1?
-23011346
In base 14, what is -1d + -3b6?
-3d5
In base 10, what is 66509 + -5?
66504
In base 12, what is 2678 + -5?
2673
In base 9, what is -15 + 7567?
7552
In base 12, what is -4a825 + 2?
-4a823
In base 10, what is -4 + 2426?
2422
In base 14, what is 1 + -2506?
-2505
In base 3, what is -2 - -220121010?
220121001
In base 12, what is -a + -12a70?
-12a7a
In base 12, what is 5a7 + 2358?
2943
In base 6, what is 155 - -1413?
2012
In base 14, what is -5 + -288a1?
-288a6
In base 11, what is 276 - -73?
339
In base 7, what is -3662 + -43?
-4035
In base 7, what is -146206 + 115?
-146061
In base 16, what is 976eb + 2?
976ed
In base 5, what is 412 + 1304042?
1310004
In base 12, what is 144898 - 1?
144897
In base 2, what is 100 - 10101110011011?
-10101110010111
In base 10, what is 2 - -2044?
2046
In base 12, what is 64 - 1a9?
-145
In base 13, what is -45537 + -4?
-4553b
In base 10, what is -5 + -508?
-513
In base 4, what is -1102 + 21213?
20111
In base 8, what is 377 - -6441?
7040
In base 2, what is 0 + 110101101011?
110101101011
In base 8, what is 43 - -15203?
15246
In base 6, what is -302 - 101?
-403
In base 11, what is 2 - -a85?
a87
In base 9, what is -5 + 374373?
374367
In base 2, what is 1000111010011011100010 + 1?
1000111010011011100011
In base 12, what is -4773 - -3?
-4770
In base 14, what is -d4b611 - 1?
-d4b612
In base 10, what is 257 + 2008?
2265
In base 6, what is -24155 + 1323?
-22432
In base 9, what is 402 + -1254?
-752
In base 2, what is -10 - 10011101100100101?
-10011101100100111
In base 10, what is -16 - -3219?
3203
In base 11, what is 4 + -6383?
-637a
In base 13, what is 109 + 362c?
3738
In base 10, what is 43451 + 0?
43451
In base 2, what is -11110001 + -10010111001110?
-10011010111111
In base 9, what is 12 - 148224?
-148212
In base 12, what is -2 + 183643?
183641
In base 5, what is -11332331 - 0?
-11332331
In base 8, what is -12572 + -654?
-13446
In base 12, what is -24 + -a96?
-aba
In base 14, what is -41784 + 1?
-41783
In base 10, what is -5 - 115?
-120
In base 9, what is 464 - -1126?
1601
In base 10, what is 3004010 - 1?
3004009
In base 2, what is -1101100 + 10111100?
1010000
In base 11, what is 2 - 6951?
-694a
In base 4, what is 22101 + 1031032?
1113133
In base 9, what is 1185256 + 4?
1185261
In base 4, what is 1 + -11300133?
-11300132
In base 2, what is -10 + 100011111100001?
100011111011111
In base 2, what is 101 + 11111100110100110?
11111100110101011
In base 12, what is -1bb5 + 16?
-1b9b
In base 3, what is 1002010201 - -11020?
1002021221
In base 8, what is -2420200 - 2?
-2420202
In base 8, what is -126 - -44?
-62
In base 6, what is -4345 + -1201?
-5550
In base 8, what is -37 - -72?
33
In base 16, what is -1a + e9?
cf
In base 11, what is 0 - -17178?
17178
In base 16, what is 874 - 33?
841
In base 9, what is 3227 + 2?
3230
In base 10, what is -3911 + -82?
-3993
In base 5, what is 211 - 2232?
-2021
In base 16, what is bcb + -2be?
90d
In base 15, what is -49 + -bc89?
-bcd3
In base 9, what is 58710 - -4?